189 = -8*b - b. Calculate the greatest common factor of 7 and b.
7
Suppose 20 - 10 = 2*z. Let r = -14 + 34. What is the highest common factor of r and z?
5
Suppose -q + 12 - 4 = 0. What is the greatest common factor of 152 and q?
8
Let c = -6 - -15. Let l = 123 - 60. Calculate the greatest common factor of c and l.
9
Suppose 5*t - 2*w = w + 22, -2*w = t - 7. Let u(s) = -s + 2*s + 2*s - 2*s - 10. Let v be u(12). Calculate the greatest common factor of t and v.
1
Suppose 6*g - 4*g + 42 = 4*p, 3*p - 35 = 5*g. Let i = 166 - 116. What is the greatest common divisor of i and p?
10
Suppose 3*v = 6*v - 18. What is the highest common divisor of v and 18?
6
Let f(v) = v**3 - 5*v**2 + 3*v + 2. Let y be f(4). Let q be y/(-3 + (-86)/(-30)). What is the greatest common factor of q and 15?
15
Let y be -4 + 17 + (-16)/4. What is the greatest common factor of 3 and y?
3
Let j be ((-36)/4)/((-9)/12). What is the greatest common factor of 3 and j?
3
Let z(l) = 2*l + 30. Let k be z(11). Calculate the highest common divisor of 364 and k.
52
Suppose 7*w = 4*w + 12. Suppose 0 = w*v - 6*v + 8. What is the highest common factor of v and 2?
2
Let c(m) = -2*m + 10. Let v be c(-5). Suppose -n + 0*n + v = 0. Calculate the highest common divisor of 60 and n.
20
Let x(o) = o + 8. Let z be x(26). Let s(h) = -17*h. Let l be s(-5). What is the greatest common factor of z and l?
17
Let o(b) = b**2 - 3*b + 3. Let q be o(3). Let t be (-4)/6 + 74/q. Let k = -62 + 68. Calculate the greatest common factor of k and t.
6
Let s(i) = -i**3 + i**2 - i - 1. Let k be s(-1). Suppose q - 2*m - 6 = -q, 15 = 5*q + k*m. What is the highest common divisor of q and 24?
3
Let s be -1 + 11 + -2 + -1. Let l = 325 + -262. What is the highest common factor of l and s?
7
Suppose -2 = -l - 0*l. Calculate the highest common factor of l and 3.
1
Let q(f) = -f**2 + 15*f - 11. Let n be q(14). Suppose -5*y = 2*r - 45, -n*r = 3*y - 5*r - 11. Calculate the highest common divisor of y and 49.
7
Let q(i) be the second derivative of i**3/6 - 2*i**2 + 5*i. Let p be q(10). Calculate the greatest common factor of p and 54.
6
Suppose y - 6*y = -770. Suppose -5*t - m = -2*t - 46, -m = -4. Calculate the highest common divisor of y and t.
14
Let d(v) = v**3 - 4*v**2 - v + 1. Let p be d(2). Let a be 3/(p/(-168)) - 2. Calculate the greatest common factor of a and 9.
9
Suppose r = 2*j + 26, 0*r + 2*j = -4*r + 64. Suppose 5*o + 13 = 58. Calculate the greatest common divisor of r and o.
9
Let u(a) = a**3 - 2*a**2 - 2*a. Let c be u(3). Let d(j) = 3*j + 3. Let z be d(1). Calculate the highest common divisor of z and c.
3
Let p be 1/3*(75 - 0). What is the highest common factor of 10 and p?
5
Suppose 3 + 4 = x. Suppose -3*a + 41 = -4*n, a = -0*a - 2*n + 17. Suppose -2*t - a = -g, 4*t + 0*t = -3*g + 5. Calculate the greatest common factor of g and x.
7
Let b be 2/8 - 678/(-8). Let s = -60 - -94. What is the greatest common divisor of b and s?
17
Let q(m) = -5*m**3 + 3*m + 3. Let r be q(-2). Calculate the greatest common factor of 333 and r.
37
Let k be -1*18 + (-7 - -8). Let o = k - -18. Calculate the highest common factor of 5 and o.
1
Let n = 7 + 13. What is the greatest common factor of n and 30?
10
Let q(j) = 20*j**2 + 2*j - 4. Let y be (2/1)/(2 - 1). Let m be q(y). Calculate the greatest common factor of m and 32.
16
Let i be ((-48)/(-10))/4*5. Suppose 2*l - i = -l. Calculate the highest common factor of 22 and l.
2
Suppose -13 = -b + 4*l - 1, 2*l = 5*b - 60. What is the greatest common divisor of b and 12?
12
Let q be (0 - -51)*20/30. What is the highest common factor of q and 85?
17
Let p be 28 + (-3)/(-1) - -2. Let g be 2/(((-28)/(-6))/7). What is the greatest common factor of p and g?
3
Let k(a) = 2*a**2 + 11*a - 15. Let d be k(-8). Suppose 0 = 4*f + 8, -2*w = 3*f + f - 2. What is the greatest common divisor of w and d?
5
Suppose 0 = -y - q + 88, -3*q = -2*y - q + 184. Suppose 3*a + 2*a = y. Calculate the greatest common factor of 2 and a.
2
Let w(z) = -z**2 + 6*z - 2. Let i be (-1)/(-3)*(-2 + 14). Let x be w(i). Let o = 30 - x. What is the highest common factor of 3 and o?
3
Let i(h) = -3*h**3 - 3*h**2 + 9. Let b be i(-3). Let o = -12 + 19. Calculate the highest common divisor of o and b.
7
Let y(z) = z**3 - 11*z**2 - z + 15. Let k be y(11). Let h be (-2)/(1/(-18)*k). Calculate the greatest common factor of 36 and h.
9
Suppose -d + 7 + 12 = 4*n, 3*n = 2*d + 6. What is the greatest common divisor of d and 24?
3
Let l be 2/6*1674/6. Calculate the highest common factor of l and 62.
31
Suppose 580 = 3*s + 2*s. Suppose -u + 5*t - 107 = 0, u + 0*u = 2*t - s. Let i = -78 - u. Calculate the highest common factor of 11 and i.
11
Let x = 59 + -32. Let q(w) = w**2 - 1. Let z be q(1). Suppose z*i + x = i. Calculate the highest common divisor of i and 9.
9
Let j = 251 - 146. Let x = 1 - 1. Suppose x = -5*o - c + 74, 3*o + 0*c - 5*c - 50 = 0. Calculate the highest common divisor of o and j.
15
Let d = -3 + 10. Let i = 83 + -55. Calculate the highest common divisor of i and d.
7
Let b(s) = -s**3 + 5*s**2 + s - 4. Let d be b(5). Let k = d - -10. Calculate the greatest common divisor of k and 88.
11
Let h(v) = v**3 + 11*v**2 - 11*v - 15. Let q be h(-12). Let g be (-44)/(-6)*q/(-2). What is the highest common factor of g and 11?
11
Suppose 0*m + m - f = 0, -2*m - f = -15. Suppose 0*p - 5*k = 4*p - 33, 4*k = -m*p + 48. Calculate the greatest common factor of p and 96.
12
Let a(n) = -n**2 - 5*n + 2. Let s be a(-5). Let f(y) = 2*y + 2. Let w be f(s). What is the greatest common divisor of 6 and w?
6
Suppose -10 = -5*s + 3*s. Let c = 0 + s. Calculate the greatest common divisor of c and 2.
1
Suppose -10 = 3*x + 2*x. Let q be (-788)/(-52) + x/13. Calculate the highest common factor of 6 and q.
3
Let y be 18/(-15)*20/(-6). Suppose 0 = y*v - 6*v + 22. Suppose 5 = -4*q + 49. Calculate the greatest common factor of v and q.
11
Suppose -6*v + 26 = -5*v. Calculate the highest common divisor of v and 208.
26
Let y(v) = v**3 + v**2 + 1. Let z be y(2). What is the greatest common factor of z and 52?
13
Let p be 2/(-12) + 395/30. Suppose -3*s + 6 - 21 = 0. Let c = p + s. Calculate the highest common divisor of 64 and c.
8
Let d be ((-18)/(-3))/((-2)/(-10)). Suppose -x - 85 = 4*x. Let u = x - -37. Calculate the greatest common divisor of d and u.
10
Suppose 3 = -5*a - 2. Let p be (a - -4)*(-1)/(-3). Suppose -f + 5 = -0. Calculate the highest common divisor of f and p.
1
Suppose -o = -4*t - 5, -5*t + 14 = 3*o - 2*o. Let c = o + 3. Let m = 0 + c. What is the greatest common factor of m and 60?
12
Let f be 60/(-27) + 3 + 8/36. Let x = -3 - -10. Let u = x + f. What is the highest common factor of u and 56?
8
Suppose 2*t = w - 1, -2*t = t - 2*w. Let q(d) = -d**2 - 3*d. Let k be q(t). Suppose 5*j = -k + 12. Calculate the greatest common divisor of 8 and j.
2
Let o(n) = 4*n**2 + 4*n - 4. Let u be o(2). What is the greatest common divisor of 10 and u?
10
Suppose -4*y + 320 = -0*y. Suppose 20 = -0*n + 2*n. What is the highest common divisor of n and y?
10
Suppose 2*t = 4*g - 70, 2*g - 5*t = 9 + 22. What is the highest common divisor of 90 and g?
18
Suppose -2*s + 8*s = 72. Calculate the highest common divisor of 12 and s.
12
Let s(k) = k**3 - 4*k**2 - k + 9. Let q be s(4). Calculate the greatest common divisor of 1 and q.
1
Let z be (-1 + 2)*(0 + 4). Let h be (4/(-6))/(z/(-18)). What is the highest common divisor of h and 1?
1
Suppose -5*b - 8 + 38 = 0. Calculate the greatest common divisor of 48 and b.
6
Suppose -4*v + 4*i + i = -55, -5*i = v + 5. What is the greatest common divisor of v and 40?
10
Suppose 0 = 4*v - 3*x - 0 - 27, 0 = -5*v + x + 20. Suppose 5*t - v*r + 48 = 183, -t = -3*r - 39. Calculate the highest common factor of 96 and t.
24
Let r = 53 - 37. What is the highest common factor of 24 and r?
8
Let a = -72 + 88. What is the greatest common factor of a and 80?
16
Suppose 2*t + 0*t - 6 = 0. Suppose t*j = 5*z + 34, 0*j + 5*j + 4*z - 69 = 0. What is the highest common divisor of 13 and j?
13
Let l(f) = -f**3 + f**2 - f - 13. Let b be l(0). Let i = -7 - b. Calculate the greatest common factor of 42 and i.
6
Let b be 2/2 - (-12)/(-2). Let v = b + 7. What is the greatest common divisor of v and 6?
2
Let w be ((-6)/(-3))/(8/20). Suppose -4*o + 5*r 